when t is divided by 19?
13
Let v = 213 + -202. Calculate the remainder when 42 is divided by v.
9
Let y(q) = q**3 + 49*q**2 - 54*q - 107. What is the remainder when y(-50) is divided by 3?
0
Let l be 303/9*3 + 1/(-1). Suppose -b + 6*b = l. Calculate the remainder when 49 is divided by b.
9
Let y = -490 + 501. Suppose -5*s + 133 = 4*p, 3*p + 2*s - 4*s - 94 = 0. Calculate the remainder when p is divided by y.
10
Let x = 655 - 576. What is the remainder when x is divided by 69?
10
Suppose 3*b + b - 5*m = 112, 2*b - 46 = 5*m. Calculate the remainder when 64 is divided by b.
31
Suppose -d - 2*d = 2*x - 62, -x = 4*d - 41. Suppose -4*r = -2*r - 3*p + 3, r = p - 1. Let b = r - -7. Calculate the remainder when x is divided by b.
4
Let s = -14 - -8. Let j be -4 + 1 + (-24)/s. Suppose 5*r + j = 2*k - 23, -2*k + 26 = -4*r. What is the remainder when k is divided by 6?
5
Let r = -270 - -553. Suppose 0 = 3*l - 2*z + 607, 0 = 3*z - 7*z + 8. Let j = l + r. What is the remainder when j is divided by 28?
26
Let x = -173 + 221. What is the remainder when 623 is divided by x?
47
Let x(g) = g**3 + 10*g**2 - 29*g + 11. What is the remainder when 104 is divided by x(3)?
22
Let z = 2 + 6. Let n(a) = a**3 - 9*a**2 + 9*a - 6. Let t be n(z). Suppose 0 = y + 4*d - 23, -t*d = d - 9. What is the remainder when y is divided by 3?
2
Let z(n) = -30*n - 284. Calculate the remainder when z(-16) is divided by 100.
96
Suppose -122 = -7*o + 165. Calculate the remainder when 409 is divided by o.
40
Let k be (-1 + 195/(-12))*72. Let s be (-4)/(-8)*k/3. Calculate the remainder when 20/(-25) + s/(-15) is divided by 6.
1
Suppose 437 + 221 = 14*v. What is the remainder when 138 is divided by v?
44
Suppose 0 = -6*b + 374 + 2398. Suppose b + 298 = 5*o. What is the remainder when o is divided by 22?
20
Suppose 0 = -3*s + 2*q + 19, 2*s - s - 4*q - 23 = 0. Calculate the remainder when 32 is divided by s.
2
Let a = 533 - 360. Calculate the remainder when a is divided by 44.
41
Suppose -2*u - 3*w - 9 = -6*u, 4*u = -3*w - 9. Let m = 2 - -15. Calculate the remainder when m is divided by (-2 + 4)*(3 - u).
5
Let n(d) = 41*d**2. Suppose 8 = -5*g + 28. Suppose 0 = -2*z - 2*z + g. What is the remainder when n(z) is divided by 11?
8
Let x = 6 + 4. Let j be ((-4536)/35)/((-2)/x). Calculate the remainder when 4/10 + j/30 is divided by 12.
10
Suppose -28 = 4*a + 8. Let o(y) = -y**3 - 9*y**2 + 8. What is the remainder when 30 is divided by o(a)?
6
Suppose -4*h = -2*h + 48. Let d be (h/(-3) - -1) + -1. Calculate the remainder when (-970)/(-35) + d/28 is divided by 6.
4
Let n = -9 - -16. Let z(q) = n*q - q + 2*q**2 - 4*q + 0 - 4. What is the remainder when z(-6) is divided by 15?
11
Suppose -3*z + r - 1 = -4, 0 = z + 3*r - 11. Suppose 5*l - 23 = -i, i - 4 = -l - 1. What is the remainder when z is divided by 3/l - (-6)/15?
0
Let y(p) = -5*p**3 - p. Let r be y(-1). Suppose r = 3*h - 4*b - 7, 80 = 5*h + 5*b. Calculate the remainder when 30 is divided by h.
8
Let v(r) = 4*r + 5. Let u(p) = -7*p - 10. Suppose -37 = -4*f - 9. Let a(j) = f*v(j) + 3*u(j). Calculate the remainder when a(6) is divided by 12.
11
Let r(g) = 4*g - 18. Let f = -109 - -200. What is the remainder when f is divided by r(13)?
23
Suppose 3*l = 13*q - 11*q - 44, -2*q - 5*l = -12. Calculate the remainder when q is divided by 15.
1
Let m be (-16)/(-7) + 9/(-7) + 1. Suppose 5*o = m*o + 87. What is the remainder when o is divided by 5?
4
Suppose 300 = 2*s - 4. Calculate the remainder when s is divided by 39.
35
Let r be 1 - 0 - (-3 - 1). What is the remainder when -1*r*(-19 - -10) is divided by 12?
9
Suppose -v + 5*i = -39, 19 + 8 = v - i. Let u be (-192)/(-40)*10/3. What is the remainder when (-370)/(-8) - 4/u is divided by v?
22
Suppose -4*o + 161 = -a - 2*a, -a = 2*o - 73. Suppose -101*r + 578 + 735 = 0. Calculate the remainder when o is divided by r.
12
Let k be (-6)/(-12) - (-254)/(-4). Let d = k + 106. Suppose 5*c = 2*p + d, -2*p - 11 = -3. What is the remainder when 32 is divided by c?
4
Suppose -4 = 3*g - 61. Suppose -208 = -3*z + 7*u, -6*u = -3*u - 6. Calculate the remainder when z is divided by g.
17
Let x(r) = 104*r + 421. What is the remainder when 205 is divided by x(-4)?
0
Let g = -229 + 250. Calculate the remainder when 207 is divided by g.
18
Let c(r) = -r**3 + 3*r**2 - r + 11. What is the remainder when 84 is divided by c(0)?
7
Suppose -4*z = -3*x + 341, 0*z - 331 = -3*x - z. Let g = x + 18. Calculate the remainder when g is divided by 34.
27
Suppose -7*t + 2*t + 55 = 0. Suppose -371 = y - 8*y. What is the remainder when y is divided by t?
9
Suppose -4*a - 2*s + 1652 = -6*s, -409 = -a + 2*s. Calculate the remainder when a is divided by 15.
12
Suppose -28*t + 33*t - 50 = 0. Calculate the remainder when 158 is divided by t.
8
Let u = -14 + 13. Let x(j) = 21*j**2. Let z be x(u). Let b = z + -11. What is the remainder when b is divided by 4?
2
Let g = 21 + -32. Let d(a) = -a**3 + 8*a**2 + 7*a + 2. Let h be d(9). Let p = g - h. What is the remainder when 13 is divided by p?
3
Suppose a = -3*a - 5*g - 35, -5*g - 20 = a. Let v(u) = -u**3 - 4*u**2 - 3*u - 10. Calculate the remainder when 55 is divided by v(a).
25
Let c(d) = -d + 13. What is the remainder when 9 is divided by c(12)?
0
Let c = -552 + 598. Calculate the remainder when 80 is divided by c.
34
Suppose -3*p - 2*p - 4*o = 26, -12 = 3*o. Let z(l) = 7*l**2 - 4*l - 4. What is the remainder when 63 is divided by z(p)?
31
Let w(h) = h**3 + 5*h**2 - 5*h - 4. Let p(b) = b**2 - 9*b - 9. What is the remainder when p(14) is divided by w(-5)?
19
Let i(n) = n + 25. Suppose -2*f = -0 - 4. Let l be (0/(-2))/(5 - f). Calculate the remainder when i(l) is divided by 7.
4
Let d = 79 - 27. Let i = -1 + d. Calculate the remainder when i is divided by 13.
12
Suppose 6*r = 5*q + 9*r - 60, 0 = -4*q - 5*r + 35. Calculate the remainder when 38 is divided by q.
8
Suppose -q + 5*q = -56. Let x be 54/14 - 2/q. Suppose 5*c - 160 + 23 = 2*u, 139 = 5*c - x*u. What is the remainder when c is divided by 15?
12
Let b(z) = -11*z**3 + 2*z + 3. Let j = 74 + -75. What is the remainder when 44 is divided by b(j)?
8
Suppose -p = -0*p. Suppose p*x - 40 = -5*x. Suppose -5*a = -217 + 112. Calculate the remainder when a is divided by x.
5
Suppose -4*k = -1850 - 222. What is the remainder when k is divided by 40?
38
Let g(h) = 12*h**2 - h - 28*h**3 + 54*h**3 - 14 - 25*h**3. Suppose 0 = 2*j + 2*j - 120. Calculate the remainder when g(-11) is divided by j.
28
Let u = 276 - 265. What is the remainder when 184 is divided by u?
8
Let q(p) = -p**2 - 14*p + 151. What is the remainder when 211 is divided by q(-19)?
43
Suppose -182 + 22 = p. Let z = p + 248. Calculate the remainder when z is divided by 15.
13
What is the remainder when 99 is divided by -4 - (-36)/10 - (-822)/30?
18
Suppose 0 = -4*k + x - 3*x - 768, -5*k - 958 = 3*x. Let y = 413 + k. Calculate the remainder when y is divided by 44.
43
Let d be (-16)/24 - (-5)/((-30)/(-712)). Let f = 11 + d. Calculate the remainder when f is divided by 26.
25
Let l(y) = -5*y**3 - 3*y**2 - 2*y - 1. Calculate the remainder when l(-3) is divided by -9*114/(-36) + 1/2.
26
Let z(g) = -5 + 10*g + 10 + 6 - g**2 + 2. Calculate the remainder when 11 is divided by z(11).
1
What is the remainder when ((-42)/(-5))/((-8)/(-20)) is divided by 70/6 + 2 + 10/(-6)?
9
Let g = 103 - 46. Calculate the remainder when g is divided by 31 - (28 - 13 - 13).
28
Suppose -3*o + 3 = 0, 3*p - 4*o - 65 = 36. Suppose -5*n - 3 = 4*u, 3*n = -u - 0 + 1. Let h = n + 8. Calculate the remainder when p is divided by h.
8
Let o(u) = 27*u + 15. Let r be o(7). Suppose -3*v + p + 2*p + r = 0, 2*v + p = 124. What is the remainder when v is divided by 18?
10
Let d = -599 - -817. What is the remainder when d is divided by 46?
34
Let q(z) = 2*z**3 + 2*z**2 - 3*z + 2. What is the remainder when 179 + 10 + 8 + -20 is divided by q(2)?
17
Suppose 12*q = 63 + 213. Calculate the remainder when 100 is divided by q.
8
What is the remainder when 54/(-4)*(-60)/18 is divided by 14/49 - (-108)/14?
5
Suppose -15*o + 195 = -2790. What is the remainder when o is divided by 37?
14
Let t(n) = 5*n + 1. Let y be t(-1). Suppose -42 + 383 = 11*i. What is the remainder when i is divided by 15 + 3/((-6)/y)?
14
Let z(i) = -i + 73. What is the remai